a composite number?
True
Suppose g = 2*q + 233, 0*g - 441 = 4*q + 3*g. Suppose 3*p - i - 505 = 0, 4*p - 5*i - 711 = -23. Let y = p + q. Is y composite?
False
Let v(m) = m**3 + 12*m**2 - 6*m - 9. Is v(-10) a prime number?
True
Let g = -389 - -277. Suppose 106 = 2*h - 4*h. Let p = h - g. Is p a composite number?
False
Let f be (-75)/(-7) + (-4)/(-14). Let h be 2*(-2 + f/2). Let l(j) = j**3 - 7*j**2 + j + 3. Is l(h) a composite number?
True
Suppose 390 = 4*r + r. Let t be 10/45 + (-338)/(-18). Let s = r - t. Is s prime?
True
Suppose -i - 5*g + 29 = 0, -i = -4*i - 3*g + 27. Suppose -4*m = -5*k + 623, 0*k + i*m + 115 = k. Is k composite?
False
Let p = 863 - -15. Suppose 1457 = 5*b - p. Is b a composite number?
False
Suppose -5*n = -1184 - 1211. Is n prime?
True
Let h = 1959 + -1096. Is h a prime number?
True
Suppose -k = -703 + 12. Is k a prime number?
True
Let r(q) = 130*q - 6. Is r(2) a composite number?
True
Let j(v) = 15*v. Let p be j(1). Is 10/p + 3026/6 a composite number?
True
Let d = 14 + -8. Is 1995/9 - 4/d a prime number?
False
Suppose 3*w = -12, 3*w = x + 4*x - 2947. Is x a composite number?
False
Suppose 10 = 4*w - 6. Suppose 14 = w*q - 5*k - 5, 2 = -q - k. Let j = 1 + q. Is j a prime number?
True
Let z(x) = 42*x - 26*x + 5*x**2 - 21*x - 1. Is z(-6) prime?
False
Let b(n) = 34*n**2 - 2*n - 1. Suppose -4*w + 1 - 25 = -4*m, -5*w + 20 = 5*m. Is b(w) a prime number?
False
Let i = 242 + -114. Let z = 186 - i. Is z a composite number?
True
Let o be ((-12)/8)/((-6)/40). Is (-10212)/(-20) - (-4)/o a composite number?
True
Suppose 490 = -4*t - 1222. Let h = 715 + t. Is h a composite number?
True
Suppose 3*y - 3*f - 252 = 0, 5*y - 4*f = -9*f + 430. Is y a composite number?
True
Let b be 2*(-2 + 7/2). Let q(j) = -4 + 4*j + 35 - b*j. Is q(0) a composite number?
False
Suppose -z = -0*z. Is 2 - (1 - (z + 3)) composite?
True
Suppose -3*j + 4*t + 0*t + 85 = 0, -2*j + 60 = -2*t. Is j a composite number?
True
Suppose 505 = s - 1474. Is s a composite number?
False
Let s = 495 + 1424. Is s composite?
True
Let d = -311 + 933. Is d prime?
False
Let g be (-8)/28 + 2292/(-14). Let k = g + 233. Is k a composite number?
True
Suppose -3*v - q = -0*v - 43, 0 = -5*v + 5*q + 45. Is v a prime number?
True
Let v(c) = -144*c**3 + c**2 + c. Let o be v(-1). Suppose 6*d - 2*d = 444. Suppose z - o = -2*z + 3*m, 3*m = -2*z + d. Is z composite?
True
Let u be (-32)/12*3/(-2). Suppose 195 = -u*b - q, b - 4*q = -3*b - 220. Let r = b + 103. Is r a composite number?
False
Let x(z) be the first derivative of 2*z**3/3 + 5*z**2/2 + 4*z - 1. Let j = 10 - 5. Is x(j) prime?
True
Let w(x) = -10*x**3 + 4*x**2 - x - 2. Is w(-3) a prime number?
True
Let q(s) = -74*s - 4. Let g be q(3). Suppose -1352 = -4*l - 4. Let v = g + l. Is v composite?
True
Let f(m) = 0*m + 1 - 7 + 5*m + 1 + 7*m**2. Is f(7) composite?
False
Let o = 635 + -400. Is o composite?
True
Suppose 3*b - 84 = 2*b. Suppose 0 = -2*r + m + 53 + 118, m + b = r. Is r composite?
True
Let k be 4/(-22) - 4520/(-55). Let v = k + -35. Is v prime?
True
Is (0 - 6172/8)*-2 a composite number?
False
Suppose 4*i + 2*c = 7*c + 892, -2*c = 0. Is i a prime number?
True
Let f(r) = 7*r. Let m be f(-1). Let y(q) = q**3 + 6*q**2 + 11*q + 7. Let w be y(m). Let c = 90 - w. Is c a prime number?
False
Let x be (-1)/1 + (0 - -51). Suppose -m + x = -39. Is m a prime number?
True
Let b(c) = 11*c + 4. Let d be b(4). Let n = -17 + d. Is n prime?
True
Let h(y) = -21*y - 5. Is h(-6) prime?
False
Let h(c) = -96*c - 11. Is h(-4) composite?
False
Let z = 130 + -50. Let c = z + -12. Suppose 3*b + 23 = c. Is b a composite number?
True
Let z(w) = -w**2 - w + 41. Let s be z(0). Let o = 9 + 11. Let h = s - o. Is h composite?
True
Let x(i) = -i - 1. Let b be x(0). Is 384 + -3 + 0/b composite?
True
Is 7/14 + 173/2 a prime number?
False
Let g(c) be the second derivative of 20*c**3 - c**2/2 + 2*c. Let u be g(3). Let b = u - 232. Is b a composite number?
False
Let l = 12 - 9. Suppose -5*j + 3*j = 3*m, j = -2*m + 1. Suppose -l*t + 665 = 2*r, -m*t - 991 = -r - 2*r. Is r a prime number?
True
Let h = 6 - 2. Let w = -1 + h. Is (-207)/(-6)*2/w composite?
False
Suppose 3*b + 5*m = 1168, -1885 = -5*b - 3*m + 7*m. Is b composite?
True
Let o(c) = c**3 - 6*c**2 + c + 9. Let h = 21 - 14. Is o(h) prime?
False
Let w be (-3*4)/(12/(-16)). Let i = w - -18. Let u = 56 - i. Is u composite?
True
Let s = -4 + 7. Let c = -4 + 9. Suppose 0 = -s*r - 2*r - c*w + 95, 2*r - 44 = w. Is r a prime number?
False
Suppose -12*f = -16*f + 15524. Is f a prime number?
True
Let u(v) be the first derivative of v**4/4 + 2*v**3 - v**2 + 9*v - 4. Is u(-4) a composite number?
True
Suppose 0 = -0*s + 3*s + 5*g + 26, s - 2 = g. Let l = 1 - s. Suppose 0 = -4*m - 4, -5*z - l*m - 41 + 133 = 0. Is z a composite number?
False
Let u(c) = 39*c**2 - 6*c + 8. Is u(-7) composite?
True
Let w(n) = n**3 - 2*n**2 - 3*n - 1. Let r be (-46)/(-12) - 1/(-6). Is w(r) prime?
True
Let m(d) = d**3 + 6*d**2 + 4*d - 1. Let i be m(-5). Suppose 0 = -i*n - 0*n + 48. Suppose -2*y + 4*a - n = 0, -4*y + 28 - 4 = 4*a. Is y a prime number?
True
Suppose 0*n + 3*n - 21 = 4*c, 5*c = 4*n - 27. Suppose -2*y - n*b = 9, y + 3*b = 2*y - 18. Suppose -2*d = y*d - 470. Is d composite?
True
Is (-1194)/4*(-16)/24 a composite number?
False
Let f = -3 - -188. Is f a composite number?
True
Suppose 0*c - 39678 = -6*c. Is c a composite number?
True
Let d be ((-70)/8)/(2/(-8)). Is (4 - -2)*d - -3 prime?
False
Let o(m) = -6*m + 5. Let j be o(-5). Let b(s) = -s**3 + 2. Let x be b(0). Let f = j + x. Is f a composite number?
False
Let y(m) = 2*m + 3. Let n be y(3). Let r be 3/9*(0 + n). Suppose -r*a + 50 = 2*a. Is a composite?
True
Let r(y) = -y**3 + y**2 - 4*y + 7. Let g be r(-5). Suppose 3*h - 77 = -2*i, -2*h = -4*h + i + 56. Suppose h = l - 5*w, g = 4*l + l - 4*w. Is l prime?
True
Let u be 3*(-1)/(-6)*4. Suppose -h + u*s = -32, 93 = 3*h - 4*s - s. Is h a prime number?
False
Let m(y) = -2*y**2 - 4*y + 9. Let s be m(-9). Let l = -59 - s. Is l prime?
False
Is (-2)/(-4)*(-1)/((-3)/2442) a composite number?
True
Suppose -2*j - 4*q + 19 = j, 3*j - 10 = 5*q. Suppose -226 = 2*n - 5*n + s, 0 = 3*n - j*s - 206. Is n prime?
False
Let b(w) = -w**3 - 5*w - 1 - 34*w**2 + 25*w**2 - 7. Is b(-11) prime?
False
Suppose 0 = 6*d - 8*d + 254. Is d a composite number?
False
Is 618/(-15)*(-15)/6 composite?
False
Let d(x) = -2*x + 2. Let t be d(8). Suppose -v + 54 = v. Let q = v + t. Is q a prime number?
True
Suppose -4*c = -j + 343, c - 1 = 2*c. Suppose 5*s - j = q + 3*q, -3*s + 2*q = -203. Is s a prime number?
True
Let q = -51 - -27. Let j be q/20*10/(-4). Let w(t) = 18*t + 1. Is w(j) a prime number?
False
Let u = 2925 + 1858. Is u a prime number?
True
Suppose 392 = i - 2*i. Suppose 7*l - 4 = 5*l. Is (-3)/l*i/12 a composite number?
True
Suppose 0 = 2*q + 3*z - 3982, 4*q - 9917 = -q + 2*z. Is q composite?
True
Suppose 0 = -4*s + 7*s - 2*y - 289, 3*s = y + 287. Is s prime?
False
Suppose -k - 2*h = 11, -3*h - 101 = 5*k - 11. Let a = 2 - k. Is a a prime number?
True
Let g be (4/(-5))/(2/(-5)). Suppose c + 6 = -g*y, -6*y - 7 = 2*c - 3*y. Suppose 0 = c*v + 4*m - 192, 4 = 5*m + 19. Is v a prime number?
False
Suppose 3*h = 2*p + 2*h + 68, 0 = 5*p - h + 167. Let n = 78 - p. Suppose 5*j - 26 - 159 = -3*k, -3*j - 3*k = -n. Is j composite?
False
Is (1 - -1) + (787 - 2) composite?
False
Let u = 3 + -3. Suppose 425 = 5*x - u*x. Is x prime?
False
Is 4/8 - (-13434)/4 a prime number?
True
Is ((-3124 - 4) + -2)/(-2) prime?
False
Is (2 - -233) + (-1 - -5) a composite number?
False
Let o be (-8)/3*45/(-12). Is (5/o)/(1/178) a prime number?
True
Suppose n = 4*n - 72. Let p be (-18)/n - (-2)/(-8). Let w(y) = -22*y + 1. Is w(p) a prime number?
True
Let m(i) = -7*i**3 - 4*i**2 - 9*i - 7. Is m(-4) composite?
True
Let x(f) = -f**3 + 4*f**2 + 3. Let q be ((-2)/(-1))/((-1)/2). Is x(q) composite?
False
Suppose -2*w = -4*w + 5*g - 15, -9 = -5*w - 3*g. Suppose w*m + 5*m = -2*x + 879, -5*x + 2140 = m. Is x composite?
True
Suppose 0 = -2*x + 723 - 271. Suppose -5*t + 155 = 4*c - 256, -4*c = -3*t - 387. Suppose c = 5*n - x. Is n a prime number?
False
Is -1 + 0 - (-194 + -1) a prime number?
False
Let u = -12 - -10. Let p(d) = -10*d**3 - 1. Is p(u) a composite number?
False
Suppose -5*s + 3 = 2*o - 10, 5*s = -5*o + 10.